29276
Convert -101011010011000101110000 (base 2) to base 13.
-2475406
-67855 (base 10) to base 6
-1242051
-9a83b (base 13) to base 16
-44765
Convert -5105355 (base 6) to base 16.
-3b267
What is -24442313 (base 5) in base 2?
-111001001001100011
Convert 11220021002 (base 3) to base 13.
34b6b
What is -10365a6 (base 12) in base 16?
-2eaece
-42512445 (base 6) to base 2
-100110010000111001101
Convert 57764 (base 12) to base 3.
12221022011
324256 (base 11) to base 12
20b97a
15a3a (base 14) to base 5
3213043
What is 121002220022110 (base 3) in base 11?
4917401
What is -1144020413 (base 5) in base 7?
-32056226
599445 (base 11) to base 5
220341121
-1446fd (base 16) to base 6
-44252141
Convert -5311998 (base 11) to base 8.
-43545456
-a271c7 (base 14) to base 15
-7321bb
-a8e7 (base 15) to base 13
-13384
-23030030 (base 5) to base 2
-110010000011010111
11210257 (base 8) to base 15
32eb03
676b69 (base 12) to base 10
1650177
-21332222333 (base 4) to base 9
-4826425
-58528 (base 15) to base 12
-116948
-6a576 (base 11) to base 6
-2103300
Convert 445033 (base 6) to base 8.
111015
Convert -1475077 (base 8) to base 15.
-85bab
24cda (base 16) to base 10
150746
What is -2011012 (base 6) in base 14?
-267ba
Convert -128ac (base 14) to base 16.
-b238
Convert 2a48d7 (base 14) to base 3.
2202210221120
-6a01b (base 13) to base 12
-93a94
Convert acfc2 (base 16) to base 5.
140133141
Convert -10112100000011 (base 3) to base 6.
-104115134
Convert -1753215 (base 8) to base 10.
-513677
What is 3c456 (base 14) in base 13?
52ab4
-232149 (base 11) to base 4
-1122003131
What is -123545204 (base 6) in base 13?
-66b827
What is 2e4bde (base 15) in base 9?
4188672
What is 27d4 (base 15) in base 2?
10000101001100
2102120020100 (base 3) to base 7
13653252
What is 1b838 (base 14) in base 7?
411501
-11101101111011111111 (base 2) to base 14
-1b5259
Convert 1000011202001202 (base 3) to base 5.
12144123031
-3212560 (base 7) to base 3
-201210220001
Convert acc5 (base 14) to base 12.
15411
Convert 452201 (base 10) to base 2.
1101110011001101001
Convert 106145 (base 11) to base 14.
45943
What is -202102212011100 (base 3) in base 6?
-1024452013
What is -1200101212012 (base 3) in base 9?
-1611765
What is 144022 (base 5) in base 15?
1c42
Convert 87330 (base 10) to base 11.
5a681
111010011100100001011 (base 2) to base 9
3538071
336746 (base 9) to base 5
22424223
What is 1022233203 (base 4) in base 15?
60a9c
Convert 1347170 (base 8) to base 14.
9c972
What is 3235505 (base 6) in base 11?
aa797
What is -11001100100110001000 (base 2) in base 3?
-1120120112221
Convert -121127 (base 13) to base 10.
-430814
What is 412002213 (base 5) in base 8?
6301767
What is -10025 (base 6) in base 14?
-69b
What is -11243403 (base 5) in base 12?
-4b716
What is -102100121012210 (base 3) in base 16?
-5c1582
Convert 2aba (base 15) to base 4.
2033113
153165 (base 10) to base 7
1205355
15364915 (base 10) to base 8
72471463
151212140 (base 6) to base 3
12220200210020
-353110 (base 11) to base 12
-23042b
-f07d (base 16) to base 12
-2b765
What is -12704 (base 12) in base 14?
-9284
What is 6e0930 (base 15) in base 12?
19200a6
-148ba1 (base 13) to base 9
-848775
Convert -48987 (base 15) to base 8.
-704344
Convert 50a665 (base 13) to base 6.
104141312
-14203330 (base 5) to base 6
-3054044
-443364 (base 9) to base 4
-1000223200
Convert 1221003320 (base 4) to base 2.
1101001000011111000
What is 6028 (base 15) in base 5?
1122123
Convert -265512 (base 7) to base 5.
-3044424
-101010222111211 (base 3) to base 4
-110210212102
-3422ab7 (base 12) to base 15
-d27d77
What is -1b18c (base 15) in base 3?
-11110212020
Convert -28d13e (base 15) to base 9.
-3628415
4424374 (base 9) to base 5
1102101213
36660443 (base 7) to base 6
154320422
Convert -4405024 (base 7) to base 4.
-2003232211
Convert 175806 (base 10) to base 5.
21111211
What is 4667231 (base 8) in base 16?
136e99
What is -3002313400 (base 5) in base 11?
-3370647
What is 22585 (base 12) in base 15?
d84e
Convert 95a0a (base 12) to base 10.
196714
1110001000111100 (base 2) to base 3
2221110001
Convert -3010032 (base 4) to base 10.
-12558
10205435 (base 7) to base 8
3215726
Convert -1351044 (base 7) to base 9.
-304470
What is 1340431 (base 5) in base 13?
c754
Convert 350341343 (base 6) to base 4.
120222330333
Convert -9d3a0 (base 16) to base 9.
-1181355
What is 545923 (base 15) in base 16?
3d5084
Convert 1102011132 (base 4) to base 10.
336222
Convert 63893 (base 15) to base 6.
10434033
-564124 (base 8) to base 11
-120186
What is -bd953 (base 15) in base 16?
-932e5
What is -175363 (base 14) in base 6?
-25333311
-3232201131 (base 4) to base 15
-144729
What is -2b09 (base 13) in base 4?
-1201312
What is -902a7 (base 11) in base 9?
-221218
What is -13404054 (base 6) in base 14?
-ba990
What is 28e0fa (base 16) in base 6?
133230534
What is 257057 (base 8) in base 14?
24955
What is -1202012 (base 4) in base 8?
-14206
What is -1373296 (base 10) in base 13?
-391102
What is -31311 (base 8) in base 3?
-122211112
1035555 (base 6) to base 13
1a798
Convert -1383717 (base 12) to base 4.
-32321101003
471524 (base 10) to base 11
2a2299
What is -2001010303 (base 4) in base 3?
-222212020011
What is 315171 (base 8) in base 11?
71a49
-3b88238 (base 12) to base 13
-25ca21c
What is 2277733 (base 8) in base 15?
c46da
48b20 (base 14) to base 7
1340240
What is -106061560 (base 7) in base 6?
-351002311
Convert -1cdc0 (base 15) to base 6.
-2004130
-30443 (base 5) to base 16
-7ce
What is -200220000121 (base 4) in base 2?
-100000101000000000011001
Convert 398068a (base 12) to base 4.
223112133022
210011210010 (base 3) to base 7
3354150
Convert -4b07c (base 15) to base 10.
-239742
Convert 140860 (base 15) to base 6.
32353513
Convert 37573 (base 12) to base 3.
10211000220
Convert -33032320 (base 4) to base 3.
-10011120211
Convert 4015460 (base 7) to base 15.
95ad5
-1372347 (base 9) to base 11
-477209
What is -71b59 (base 15) in base 12?
-154619
-44300465 (base 7) to base 5
-1434043212
47971 (base 11) to base 7
405210
What is 11323312 (base 4) in base 12?
1209a
-19812a3 (base 11) to base 6
-155330110
What is 4570046 (base 9) in base 14?
48308a
-47cc5 (base 13) to base 8
-401344
Convert 5b18 (base 12) to base 11.
7773
-43199 (base 15) to base 9
-354150
-17a06 (base 13) to base 12
-224b0
Convert 3601 (base 15) to base 5.
331401
What is -24461 (base 12) in base 9?
-74231
-12222221010 (base 3) to base 4
-130310133
1001100100111001100 (base 2) to base 15
62ea4
What is 926892 (base 16) in base 9?
20043810
563b1 (base 14) to base 8
630607
6348 (base 13) to base 10
13749
124a56 (base 11) to base 5
22300203
-282435 (base 9) to base 13
-60617
35776161 (base 8) to base 5
4003112114
3799c8 (base 15) to base 5
1140240323
-80569 (base 10) to base 5
-10034234
Convert -114775 (base 14) to base 15.
-b9661
What is 19aa601 (base 11) in base 8?
14714333
-43392 (base 15) to base 12
-a3625
118303 (base 16) to base 2
100011000001100000011
4315346 (base 7) to base 16
80402
Convert -1c7b2 (base 14) to base 10.
-72872
Convert 20222202200 (base 4) to base 3.
11021101202122
Convert -3041 (base 7) to base 11.
-882
What is 1575440 (base 10) in base 9?
2861078
-461969 (base 16) to base 14
-8782c9
What is -202333134 (base 5) in base 13?
-22b198
Convert -d60b (base 15) to base 8.
-130264
What is -211021020 (base 3) in base 13?
-7509
Convert bc2 (base 13) to base 9.
2681
What is 358b3 (base 13) in base 8?
277566
Convert 10341203 (base 5) to base 14.
24c14
37be6 (base 15) to base 6
3452543
Convert 699a75 (base 12) to base 11.
a59832
Convert 19a757 (base 14) to base 13.
25c420
Convert -83373 (base 9) to base 13.
-1c047
What is -15063118 (base 9) in base 7?
-120410621
Convert -186761 (base 9) to base 11.
-7a60a
Convert 111025024 (base 7) to base 9.
13560764
What is b2021 (base 16) in base 12?
2b1b41
b6795 (base 15) to base 3
1002102000112
1005425 (base 6) to base 7
256433
-3114300 (base 9) to base 3
-10010111100000
100a42 (base 13) to base 14
99d37
-986a5 (base 14) to base 3
-200202012022
5801073 (base 9) to base 13
857b05
What is -1210022001021 (base 3) in base 7?
-11036401
2112221221020 (base 3) to base 9
2487836
What is 1211202110202 (base 3) in base 16?
ef1bf
Convert -112687 (base 11) to base 4.
-223233213
4074926 (base 10) to base 9
7600665
Conver